{"id":2,"date":"2025-02-11T17:06:28","date_gmt":"2025-02-11T17:06:28","guid":{"rendered":"http:\/\/www.yakupgunduz.com.tr\/?page_id=2"},"modified":"2025-02-12T23:46:26","modified_gmt":"2025-02-12T23:46:26","slug":"sample-page","status":"publish","type":"page","link":"http:\/\/www.yakupgunduz.com.tr\/?page_id=2","title":{"rendered":"Hakk\u0131m\u0131zda"},"content":{"rendered":"\n<p>Geli\u015fmi\u015f koku alma yetenekleri sayesinde heyelan, deprem ve sel gibi olas\u0131 afet durumlar\u0131nda ekibin adeta g\u00f6z\u00fc kula\u011f\u0131 olan ve hen\u00fcz 6 ayl\u0131kken birbirinden zorlu 2 y\u0131ll\u0131k e\u011fitim s\u00fcrecinden ge\u00e7irilen K9 arama kurtarma k\u00f6pekleri,  bir\u00e7ok arama kurtarma ekipleri ile koordineli olarak yapt\u0131\u011f\u0131 \u00e7al\u0131\u015fmalar sayesinde haz\u0131r hale getiriliyor. Arama kurtarma k\u00f6pekleri itaat, \u00e7eviklik ve y\u00f6nlendirme e\u011fitimlerini ald\u0131ktan sonra \u00e7e\u015fitli illerde tecr\u00fcbe kazanmas\u0131 i\u00e7in enkaz ve parkurlarda zorlu g\u00f6revlere tabi tutularak afetlere s\u0131k\u0131 \u015fekilde haz\u0131rlan\u0131yor.\u00a0<\/p>\n\n\n\n<div class=\"wp-block-columns is-layout-flex wp-container-core-columns-is-layout-1 wp-block-columns-is-layout-flex\">\n<div class=\"wp-block-column is-layout-flow wp-block-column-is-layout-flow\" style=\"flex-basis:33.33%\">\n<figure class=\"wp-block-image size-large\"><img loading=\"lazy\" decoding=\"async\" width=\"683\" height=\"1024\" src=\"http:\/\/www.yakupgunduz.com.tr\/wp-content\/uploads\/2025\/02\/IMG_0458-683x1024.jpg\" alt=\"\" class=\"wp-image-139\" srcset=\"http:\/\/www.yakupgunduz.com.tr\/wp-content\/uploads\/2025\/02\/IMG_0458-683x1024.jpg 683w, http:\/\/www.yakupgunduz.com.tr\/wp-content\/uploads\/2025\/02\/IMG_0458-200x300.jpg 200w, http:\/\/www.yakupgunduz.com.tr\/wp-content\/uploads\/2025\/02\/IMG_0458-768x1152.jpg 768w, http:\/\/www.yakupgunduz.com.tr\/wp-content\/uploads\/2025\/02\/IMG_0458-1024x1536.jpg 1024w, http:\/\/www.yakupgunduz.com.tr\/wp-content\/uploads\/2025\/02\/IMG_0458-1365x2048.jpg 1365w, http:\/\/www.yakupgunduz.com.tr\/wp-content\/uploads\/2025\/02\/IMG_0458-scaled.jpg 1707w\" sizes=\"auto, (max-width: 683px) 100vw, 683px\" \/><\/figure>\n<\/div>\n\n\n\n<div class=\"wp-block-column is-layout-flow wp-block-column-is-layout-flow\" style=\"flex-basis:66.66%\">\n<p>Ekip \u00fcyelerimiz (\u00c7a\u00e7a, Leo ) enkazda arama yapt\u0131klar\u0131 zaman yaln\u0131zca canl\u0131ya tepki veriyorlar\u00a0\u00e7\u00fcnk\u00fc \u00f6l\u00fc birinin kokusu e\u011fitimlerde al\u0131\u015ft\u0131klar\u0131 canl\u0131 ki\u015filerden farkl\u0131. B\u00f6ylece, havlad\u0131klar\u0131nda\u00a0<strong>enkazda canl\u0131 oldu\u011funu<\/strong>\u00a0anlayabiliyorum.<\/p>\n\n\n\n<p>K\u00f6pek E\u011fitim Merkezimizde g\u00fcnl\u00fck programlar kapsam\u0131nda ger\u00e7ekle\u015fen e\u011fitimlerde \u00e7eviklik parkuru, itaat, arazi ve enkazda arama kurtarma gibi konular ele al\u0131narak alt\u0131n burunlu k\u00f6peklerimiz, olas\u0131 afetlerde hayat kurtarmak \u00fczere e\u011fitiliyoruz. Enkaz alt\u0131nda kalan kazazedelerin kurtar\u0131lmas\u0131 veya kay\u0131p ki\u015filerin bulunmas\u0131 gibi bir\u00e7ok olayda ekip arkada\u015flar\u0131m olarak g\u00f6rd\u00fc\u011f\u00fcm k\u00f6peklerim ile devaml\u0131 pratik e\u011fitimler ile afetlere haz\u0131rl\u0131kl\u0131 halde bekliyorum.\u00a0<\/p>\n<\/div>\n<\/div>\n\n\n\n<blockquote class=\"wp-block-quote is-layout-flow wp-block-quote-is-layout-flow\"><\/blockquote>\n\n\n\n<p><\/p>\n\n\n\n<p><em>Arama-kurtarma i\u00e7in<\/em><strong><em>\u00a0\u00e7ok daha fazla\u00a0<\/em><\/strong><em>k\u00f6pe\u011fe ihtiyac\u0131m\u0131z var. \u015eu anda mevcut k\u00f6pek say\u0131m\u0131z ulusal anlamda \u00e7ok ama \u00e7ok yetersiz. Biz de ekibimiz ile ulusal ve uluslararas\u0131 afetlerde h\u0131zl\u0131 ve etkin bir k\u00f6pekli arama kurtarma timi olarak bu bilin\u00e7te durmadan  \u00e7al\u0131\u015f\u0131yoruz.\u201d<\/em><\/p>\n\n\n\n<p><em>\u201cE\u011fitimler<\/em><strong><em>\u00a0disiplin gerekiyor<\/em><\/strong><em>\u00a0ancak profesyonel birilerinde kesinlikle destek almalar\u0131 gerekiyor. Herhangi bir insan, k\u00f6pe\u011fi ile K\u00f6ped derne\u011fine \u00fcye olarak k\u00f6pe\u011fiyle \u00e7al\u0131\u015fabilir.\u201d<\/em> <\/p>\n\n\n\n<div class=\"wp-block-columns is-layout-flex wp-container-core-columns-is-layout-2 wp-block-columns-is-layout-flex\">\n<div class=\"wp-block-column is-layout-flow wp-block-column-is-layout-flow\">\n<figure class=\"wp-block-image size-large\"><img loading=\"lazy\" decoding=\"async\" width=\"768\" height=\"1024\" src=\"http:\/\/www.yakupgunduz.com.tr\/wp-content\/uploads\/2025\/02\/IMG_2950-768x1024.jpg\" alt=\"\" class=\"wp-image-131\" srcset=\"http:\/\/www.yakupgunduz.com.tr\/wp-content\/uploads\/2025\/02\/IMG_2950-768x1024.jpg 768w, http:\/\/www.yakupgunduz.com.tr\/wp-content\/uploads\/2025\/02\/IMG_2950-225x300.jpg 225w, http:\/\/www.yakupgunduz.com.tr\/wp-content\/uploads\/2025\/02\/IMG_2950-1152x1536.jpg 1152w, http:\/\/www.yakupgunduz.com.tr\/wp-content\/uploads\/2025\/02\/IMG_2950-1536x2048.jpg 1536w, http:\/\/www.yakupgunduz.com.tr\/wp-content\/uploads\/2025\/02\/IMG_2950-scaled.jpg 1920w\" sizes=\"auto, (max-width: 768px) 100vw, 768px\" \/><\/figure>\n<\/div>\n\n\n\n<div class=\"wp-block-column is-layout-flow wp-block-column-is-layout-flow\">\n<figure class=\"wp-block-image size-large\"><img loading=\"lazy\" decoding=\"async\" width=\"768\" height=\"1024\" src=\"http:\/\/www.yakupgunduz.com.tr\/wp-content\/uploads\/2025\/02\/IMG-20230507-WA0026-768x1024.jpg\" alt=\"\" class=\"wp-image-94\" srcset=\"http:\/\/www.yakupgunduz.com.tr\/wp-content\/uploads\/2025\/02\/IMG-20230507-WA0026-768x1024.jpg 768w, http:\/\/www.yakupgunduz.com.tr\/wp-content\/uploads\/2025\/02\/IMG-20230507-WA0026-225x300.jpg 225w, http:\/\/www.yakupgunduz.com.tr\/wp-content\/uploads\/2025\/02\/IMG-20230507-WA0026-1152x1536.jpg 1152w, http:\/\/www.yakupgunduz.com.tr\/wp-content\/uploads\/2025\/02\/IMG-20230507-WA0026.jpg 1500w\" sizes=\"auto, (max-width: 768px) 100vw, 768px\" \/><\/figure>\n<\/div>\n\n\n\n<div class=\"wp-block-column is-layout-flow wp-block-column-is-layout-flow\">\n<figure class=\"wp-block-image size-large is-resized\"><img loading=\"lazy\" decoding=\"async\" width=\"683\" height=\"1024\" src=\"http:\/\/www.yakupgunduz.com.tr\/wp-content\/uploads\/2025\/02\/IMG_7724-683x1024.jpg\" alt=\"\" class=\"wp-image-65\" style=\"width:206px;height:auto\" srcset=\"http:\/\/www.yakupgunduz.com.tr\/wp-content\/uploads\/2025\/02\/IMG_7724-683x1024.jpg 683w, http:\/\/www.yakupgunduz.com.tr\/wp-content\/uploads\/2025\/02\/IMG_7724-200x300.jpg 200w, http:\/\/www.yakupgunduz.com.tr\/wp-content\/uploads\/2025\/02\/IMG_7724-768x1152.jpg 768w, http:\/\/www.yakupgunduz.com.tr\/wp-content\/uploads\/2025\/02\/IMG_7724-1024x1536.jpg 1024w, http:\/\/www.yakupgunduz.com.tr\/wp-content\/uploads\/2025\/02\/IMG_7724-rotated.jpg 1280w\" sizes=\"auto, (max-width: 683px) 100vw, 683px\" \/><\/figure>\n<\/div>\n<\/div>\n","protected":false},"excerpt":{"rendered":"<p>Geli\u015fmi\u015f koku alma yetenekleri sayesinde heyelan, deprem ve sel gibi olas\u0131 afet durumlar\u0131nda ekibin adeta g\u00f6z\u00fc kula\u011f\u0131 olan ve hen\u00fcz 6 ayl\u0131kken birbirinden zorlu 2 y\u0131ll\u0131k e\u011fitim s\u00fcrecinden ge\u00e7irilen K9 arama kurtarma k\u00f6pekleri, bir\u00e7ok arama kurtarma ekipleri ile koordineli olarak yapt\u0131\u011f\u0131 \u00e7al\u0131\u015fmalar sayesinde haz\u0131r hale getiriliyor. Arama kurtarma k\u00f6pekleri itaat, \u00e7eviklik ve y\u00f6nlendirme e\u011fitimlerini ald\u0131ktan [&hellip;]<\/p>\n","protected":false},"author":1,"featured_media":0,"parent":0,"menu_order":0,"comment_status":"closed","ping_status":"open","template":"","meta":{"footnotes":""},"class_list":["post-2","page","type-page","status-publish","hentry"],"_links":{"self":[{"href":"http:\/\/www.yakupgunduz.com.tr\/index.php?rest_route=\/wp\/v2\/pages\/2","targetHints":{"allow":["GET"]}}],"collection":[{"href":"http:\/\/www.yakupgunduz.com.tr\/index.php?rest_route=\/wp\/v2\/pages"}],"about":[{"href":"http:\/\/www.yakupgunduz.com.tr\/index.php?rest_route=\/wp\/v2\/types\/page"}],"author":[{"embeddable":true,"href":"http:\/\/www.yakupgunduz.com.tr\/index.php?rest_route=\/wp\/v2\/users\/1"}],"replies":[{"embeddable":true,"href":"http:\/\/www.yakupgunduz.com.tr\/index.php?rest_route=%2Fwp%2Fv2%2Fcomments&post=2"}],"version-history":[{"count":7,"href":"http:\/\/www.yakupgunduz.com.tr\/index.php?rest_route=\/wp\/v2\/pages\/2\/revisions"}],"predecessor-version":[{"id":175,"href":"http:\/\/www.yakupgunduz.com.tr\/index.php?rest_route=\/wp\/v2\/pages\/2\/revisions\/175"}],"wp:attachment":[{"href":"http:\/\/www.yakupgunduz.com.tr\/index.php?rest_route=%2Fwp%2Fv2%2Fmedia&parent=2"}],"curies":[{"name":"wp","href":"https:\/\/api.w.org\/{rel}","templated":true}]}}